.
-5
Let h = -749/3 - -250. Let b(d) be the first derivative of 1/2*d**2 + 5/2*d**4 - 3 + 0*d + h*d**3. What is b(-1)?
-10
Let s(d) = 5*d**2 + d + 1. Let v be s(1). Let a(c) = c**3 - 6*c**2 - 9*c + 13. Give a(v).
-1
Let d(o) be the third derivative of o**4/24 - 2*o**2. Let m be d(1). Let r(n) = 0 + m + 2*n**2 - 3 - n**3 + n**2 - 2*n. Determine r(2).
-2
Let y(p) be the third derivative of p**4/24 - 2*p**3/3 + 83*p**2. Calculate y(6).
2
Let d(x) be the first derivative of x**4/4 - 10*x**3/3 - 5*x**2 - 14*x - 1. Let s be 186/17 + (-124)/(-2108). What is d(s)?
-3
Let f(m) = -3*m**2 + 2*m. Let v be 1/(-4) + (-9)/(-8)*2. Give f(v).
-8
Let v(s) = -3*s - 4. Let x(o) = -4*o - 5. Let d = -26 - -23. Let w(r) = d*v(r) + 2*x(r). Determine w(6).
8
Let x(l) be the second derivative of 0 + 1/6*l**3 + 1/2*l**2 - 8*l - 1/12*l**4. Determine x(-1).
-1
Let y be 2*(372/(-8))/3. Let u = 30 + y. Let t(b) = -4*b**2 - b. Give t(u).
-3
Let x(t) = 3*t - 12. Suppose -17*w = -21*w + 24. What is x(w)?
6
Let g(d) = d + 5 - 13 + 10. Suppose -2*x + 3*z + 7 = 0, 3*z - 2*z = -3*x + 5. Let k = x - 2. Determine g(k).
2
Let z(l) be the second derivative of -1/6*l**3 + 4*l**2 - 1/12*l**4 + 9*l + 0 + 1/20*l**5. Calculate z(0).
8
Let s(c) be the first derivative of 4*c**2 + 32*c + 177. What is s(-5)?
-8
Let b(z) = z. Let u(y) = -3*y - 6. Let t be u(8). Let k = t - -37. Calculate b(k).
7
Suppose -2*s + 2*a - a = -9, 0 = 4*s + 5*a + 17. Suppose -3*l = u - 4*l + 4, -s*u = 2*l - 8. Let c(q) = -2 + u - q**2 + 0 + 0. Determine c(3).
-11
Let y(b) = -20*b**2 + 55*b**2 - 23*b**2 + b**3 + 17 + b. Let j be y(-12). Let t(g) be the second derivative of -g**3/6 - g**2 + g. Determine t(j).
-7
Let y(f) = -f**2 + 15*f - 5. Let b(a) = -5*a**2 + 75*a - 25. Let d(k) = -2*b(k) + 11*y(k). What is d(15)?
-5
Let l(v) = 7 + 2 - 12 + 5 + 2*v. Give l(2).
6
Let o = -4 + 7. Let b(i) be the first derivative of 1/4*i**4 - 2*i**2 + 5 - 1/3*i**3 + 2*i. What is b(o)?
8
Suppose -6 = -2*h - 0*h. Let n(v) = -v + 2. Let r(p) = 1. Let o(w) = h*r(w) - 2*n(w). Let d = -17 + 19. What is o(d)?
3
Let l be (-46)/299 + (-189)/39. Let s(c) = -c**3 + 2*c**2 - 8*c - 1. Let o(d) = 2*d**3 - d**2 + 9*d. Let f(y) = 2*o(y) + 3*s(y). Give f(l).
2
Let w = 1 + 1. Let d(l) = l**2 - 2 + 10*l**w - 2*l + 3. Let j be -5 + (13 - 21*(-2)/(-6)). What is d(j)?
10
Suppose -4*i - 27 = -87. Let s = i - 26. Let g = s - -5. Let x(h) = h**2 + 4*h - 4. What is x(g)?
8
Suppose 11 + 24 = -7*l. Let y be (-1)/((4 - -1)/l). Let h(v) = 3*v**3 - 2*v + 1. What is h(y)?
2
Let v(c) = 3*c - 12 + 37 - 29. Determine v(-2).
-10
Suppose -4*x + 23 = 7. Let h(f) be the second derivative of f**5/20 - f**4/3 + f**3/6 + f**2 - 41*f. Give h(x).
6
Let g(c) = 5*c - 3. Let m = 71 + -67. Suppose 3*o = 3*w + 12, m*o + 6 = w + 22. Determine g(o).
17
Let z = 94 - 64. Let o(x) = -31*x**2 + x - x**3 - z*x**2 + 61*x**2 - 11. Give o(0).
-11
Let p(k) = -2*k - 9. Suppose 3*r - 3*y = -20 - 7, 4*y = -3*r + 8. Determine p(r).
-1
Let b(q) = q + 1. Let s(d) = 3*d - 47. Let k be s(19). Suppose -11*z + k*z = 5. Determine b(z).
-4
Let x(g) = g**3 - 20*g**2 + 21*g - 28. Let j be x(19). Let n(t) = -7*t + 7. Let i be n(j). Let u be (-2)/14 - 450/i. Let w(h) = -h - 2. Give w(u).
-9
Let o(g) = -2*g + 1. Let r be o(2). Let h(v) = -4127 + 4131 + 4*v - 2*v. Calculate h(r).
-2
Let b = 188 + -188. Let p(o) = o**2 + o + 25. Calculate p(b).
25
Suppose 0 = -3*v - 35 + 8. Let i(t) = -4*t**3 - 3*t**2 - 3*t - 10. Let y be i(-2). Let b = y + v. Let d(n) = -n**3 + 7*n**2 + 5. Give d(b).
5
Let c(v) = -v + 2. Suppose 2*f + 3*f + 2*z = 58, -f + 7 = 5*z. Suppose l - 4 = -3*d, l - 4*d = -2*d + 14. Let x = f - l. What is c(x)?
0
Let o(v) = -16*v - 16 + 16*v + 4 - 12*v - v**2. Give o(-11).
-1
Suppose 4 = -4*k + 2*g, 0*k + 5*g + 29 = -3*k. Let t(z) = -z**3 - 3*z**2 - 2*z - 1. Give t(k).
5
Let g(x) = 5*x**3 + 12*x**2 + 3*x - 6. Let w(o) = -6*o**3 - 13*o**2 - 4*o + 7. Let y(b) = -7*g(b) - 6*w(b). Give y(3).
-18
Let c be ((-8)/5)/(12/30). Let s(k) = k**2 + k + 5. Calculate s(c).
17
Let c(r) be the first derivative of 5*r**2/2 - 5*r - 114. Give c(4).
15
Let i(g) = 13 - g**3 + g**3 - g - g**3 - 13*g**2 + 20*g**2. Give i(7).
6
Let z(m) = -3*m - 3. Let i be (3/((-27)/(-15)))/(15/(-45)). What is z(i)?
12
Suppose 0 = l + 4*l - 55. Let x be (-3)/15 + l/5. Let i(u) = u**3 + u - x + 2*u + 0*u**3 - 5*u**2. Calculate i(4).
-6
Let o(x) be the second derivative of -x**5/20 - x**4/2 - 5*x**3/6 - 185*x. Let z be (-2)/(-5) - (-6)/10. Let y be (z + 0)/((-3)/15). Give o(y).
0
Let q(b) = 16*b + 56. Let z be q(-3). Let v(i) = i - 8. Give v(z).
0
Let c(i) = -4*i. Let u be ((-4)/(1 + 11))/((-2)/18). Suppose -2*x - 18 = -4*n - 2, 3*x + 9 = u*n. Calculate c(x).
-8
Let w(o) be the third derivative of o**6/120 - o**5/20 - 5*o**4/24 - 2*o**3/3 - 193*o**2 + 4*o. Let g = 3 + 2. Determine w(g).
21
Let u(r) = -r**2 + 4*r + 10. Let s be u(5). Let d be (3 - s)/((-3)/6). Let v(m) = -5*m + 0 + 1 + m**2 + 2. Calculate v(d).
-1
Let k(d) be the first derivative of -d**3/3 - 5*d**2 + 9*d + 165. What is k(-11)?
-2
Suppose g = -15 + 17. Let i(h) = -5*h + 5. Let x be i(g). Let p(j) = -j**2 - 6*j - 1. What is p(x)?
4
Let t(k) = -k + 3. Let m(a) = a. Let i(w) = 3*m(w) + t(w). Let r(u) = -2*u - 2. Let g(j) = -4*i(j) - 5*r(j). Calculate g(2).
2
Let u(c) be the first derivative of -7 - 7*c + 1/4*c**4 - 4*c**2 + 5/3*c**3. Determine u(-6).
5
Let h be (3/(-2))/((-2)/8). Suppose -n = -h*n. Let s(o) be the second derivative of -o**4/12 + o**3/6 + 2*o**2 - 22*o. Determine s(n).
4
Let k(o) be the second derivative of -1/3*o**3 - 1/2*o**2 + 7/12*o**4 - 11*o + 0. Calculate k(-1).
8
Let r = -256 - -244. Let s(j) = 2*j + 32. What is s(r)?
8
Let l(v) be the third derivative of -v**5/60 - v**4/2 - 5*v**3/3 + 78*v**2. Let h be -2 + (-7 - (0 - -1)). Determine l(h).
10
Let y(n) = 1. Let l(f) = -2*f + 7. Let p(a) = l(a) - 6*y(a). Suppose -2 = z - 2*j + 3, -4*z = -4*j + 8. Calculate p(z).
-1
Let y(j) = j**2 - 4*j + 2. Let k(z) = -z - 1. Let u(f) = -k(f) - y(f). Suppose l + 0 - 6 = 0. Calculate u(l).
-7
Let w(n) = 3*n**2 + n. Let y(i) = -14*i**2 - 9*i - 11. Let b(z) = -5*w(z) - y(z). Calculate b(8).
-21
Let r(p) = p**3 - 13*p**2 + 14*p + 5. Let h be r(12). Let i = h - 23. Let n(t) = t**2 - 7*t + 6. Calculate n(i).
0
Let m(a) = -3*a + 9. Let q(k) = 4*k + k - 5*k - 2 + k. Let f(w) = -2*m(w) - 9*q(w). Suppose -2*r = 0, 0*u - u = -2*r + 4. Determine f(u).
12
Suppose -312*a = -324*a - 96. Let f(n) = -n - 6. Give f(a).
2
Let h = 93 - 39. Let f be (h/(-8) + 6)/(1/(-8)). Let v(q) = -q + 9. Give v(f).
3
Let v(l) be the third derivative of -l**7/840 + l**6/90 - l**5/120 + l**4/6 - 11*l**3/6 - 5*l**2. Let o(s) be the first derivative of v(s). What is o(3)?
10
Let u(q) = -4*q**2 - 4 + 3 - q**3 + 2. Let v(w) = 2*w - 10. Let m be v(8). Suppose 0 = 13*s - 11*s + m. Give u(s).
-8
Let l(v) = -v**3 + 8*v**2 + 11*v - 19. Let y(c) = -5*c**2 - 48*c - 18. Let u be y(-9). Give l(u).
-1
Let u(v) = -v**3 + 15*v**2 - 2*v + 22. Let f be (-19 - -29)*(1 - 3/(-6)). Give u(f).
-8
Let g(k) = -2*k**3 - 4*k**2 + k + 3. Let l be g(-3). Suppose -2*p + l = j, 3*j - 8 = -j. Let w(f) = f**2 + f - 2*f**2 - p + 12. What is w(3)?
-2
Let u(a) = -2*a + 13. Suppose 7*p - 50 = 6. Give u(p).
-3
Let r = 5 + -2. Let d(o) = -8*o**2 - 31*o - 17. Let y(f) = -3*f**2 - 11*f - 6. Let t(s) = -4*d(s) + 11*y(s). Calculate t(r).
2
Suppose -m + 4*f + 56 = 2*f, -2*m + 5*f = -113. Suppose m = 5*j + j. Let d(p) = p**2 - 10*p + 7. Determine d(j).
-2
Let a(u) = -202*u + u**2 - 198*u + 397*u. Suppose 0 = -i + 6*i + 5*r - 15, 4*i = -5*r + 10. Give a(i).
10
Suppose 4*q - 5 = 3*o, 0*o = 3*q - 3*o - 3. Suppose -i - k - 11 = q*k, -2*k = 4. Let x(d) = -d**2 - 5*d + 2. Give x(i).
2
Let a(m) = 2 + 2*m - 5 + 8. Give a(5).
15
Let b be ((-5)/6*-2)/((-1)/3). Let m(t) = -t**3 - 3*t**2 + 4. Let g be m(-3). Let y(h) = g*h + 2*h - 4 + h**3 + 6*h**2 - h - 2. Determine y(b).
-6
Let l(f) = -3*f - 4. Let c = 578 + -587. Give l(c).
23
Let h(a) be the second derivative of 1/2*a**4 + 1/2*a**2 - 20*a + 1/6*a**3 + 0. What is h(-1)?
6
Let w(z) = 11*z**3 + 2*z**2 - 9*z + 7. Let u(n) = 5*n**3 + n**2 - 4*n + 3. Let a(k) = 7*u(k) - 3*w(k). Suppose -3*c + y + 3 = 0, 2*c - 5*y + 1 = 3*c. Give a(c).
2
Let h(v) = 156*v - 455*v - v**2 + 148*v + 152*v. What is h(1)?
0
Let f(z) be the f